ivided by 28/(-35)*70/(-4).
13
Suppose 0 = 2*g - 3 - 11. Suppose 9 + 56 + 13 = 39*i. What is the remainder when g is divided by i?
1
Let k(o) be the first derivative of o**4/4 + o**3/3 - 3*o**2 + 13*o + 61. What is the remainder when 154 is divided by k(3)?
30
Suppose 0 = -4*u - 20, -41 - 279 = -5*l + 3*u. Calculate the remainder when 1592 is divided by l.
6
Suppose z = 4*h - 12, -2*z - 3*h - 37 = 3*z. What is the remainder when 10 is divided by 24/(-18)*-15*z/(-20)?
2
Let z(d) = 3*d**2 - 110*d - 6666. Let i = 1 - 1. Suppose i = -0*p - p + 50. What is the remainder when p is divided by z(69)?
23
Suppose -70 + 12 = -z. Let b(q) = 23*q**2 + 1082*q + 73. What is the remainder when z is divided by b(-47)?
6
Let h(o) = -o + 14. Suppose 7*n - 228 - 157 = 0. Suppose 9*l = 4*l - n. Calculate the remainder when h(l) is divided by 16.
9
Let g(x) = -x - 1. Suppose 3*i = 2*i + 2, -3*t + i = 41. What is the remainder when ((-70)/(-15))/7*(23 + 10) is divided by g(t)?
10
Let x(v) = 324*v + 179. What is the remainder when 2322 is divided by x(0)?
174
Let q = 116 + -58. Suppose 4*l = -s + 54, -l - 3*s = 3*l - q. Let m = l - -23. What is the remainder when m is divided by 10?
6
Suppose -5 - 5 = -2*j. Suppose -5*u = 25, j*n - 4*u - 26 = 3*n. Calculate the remainder when 27 is divided by (n + (5 - 4))*(-10)/(-4).
7
Suppose -h = -392*o + 396*o - 318, 2*o - 192 = 5*h. What is the remainder when (-8055)/(-20) + (-2)/(-8) is divided by o?
79
Let w = 9 + 2. Let d = 18 - w. Suppose v + 2*y = 149, -d*v + 608 = -3*v + 4*y. What is the remainder when v is divided by 39?
38
Suppose -222 = -28*b - 9*b. Suppose -32*d + b*d = -312. Calculate the remainder when 35 is divided by d.
11
Suppose 115*j = 114*j + 1976. Calculate the remainder when j is divided by 22.
18
Let l(i) = i + 9. Let u be l(5). Suppose 3*w + 12 = c + c, 5*w + 20 = 0. Suppose c = -2*m - 6 + u. Calculate the remainder when 17 is divided by m.
1
Let l = -15314 + 17201. What is the remainder when l is divided by 469?
11
Let f = -24121 + 24258. Calculate the remainder when 13697 is divided by f.
134
Let b be (-30)/(-4)*(-42)/(-63) - 5. Suppose 10 = 4*s - 10, -2*u - 5*s + 225 = b. Calculate the remainder when u is divided by 52.
48
Suppose -26 = -u - u. Let r = 3476 - 3323. Calculate the remainder when r is divided by u.
10
Suppose -8*o = -11*o + 78. Suppose 0 = -5*a + 79 + o. Let b(i) = -i**3 + 22*i**2 - 21*i + 9. Calculate the remainder when 16 is divided by b(a).
7
Suppose 2473 = -18*v + 2797. What is the remainder when 989 is divided by v?
17
Let c = 0 - -26. Suppose -53 = -4*w - 5*n, -4*w + 4*n = 2*n - 18. Suppose -w*y + 104 = 62. What is the remainder when c is divided by y?
2
Let d(l) = 192*l**2 - 13*l + 51. Calculate the remainder when d(5) is divided by 19.
17
Let z(y) = -3002*y - 17945. Suppose -37 = -4*d + p + 14, p - 45 = -4*d. Calculate the remainder when z(-6) is divided by d.
7
Suppose 1317 = -29*c + 32*c. Let g = -423 + c. What is the remainder when 104 is divided by g?
8
Suppose -54*w - 17 + 58 = -67. Calculate the remainder when 38 is divided by w.
0
What is the remainder when 395 is divided by 344/6 + -3 - 32/(-48)?
10
Let r be -2 - (-7)/(-14)*-8. Suppose -r*o + 0 = 3*h - 9, o + 18 = 3*h. What is the remainder when 88 is divided by h?
3
Suppose 4*c - 2*m - 380 = 0, 4*c + c = m + 481. Calculate the remainder when c is divided by (-6)/14 - (-1295)/49.
19
Suppose 6*y - y = 15. Let r be (y/9)/((-6)/(-9))*-4. Calculate the remainder when (r - (-4)/2) + -3 - -58 is divided by 29.
26
Suppose 44 = 3*p + 2*w, -39 = -3*p - 165*w + 162*w. Calculate the remainder when 747 is divided by p.
9
Let o = -4771 - -4778. Let m = -1 - -6. Suppose m*k - 65 = -4*s, 0*s = -3*s. What is the remainder when k is divided by o?
6
Suppose 7*q - 8*q + 5*m = -460, 3*m - 420 = -q. Calculate the remainder when 891 is divided by q.
21
Let g = -3 - -8. Suppose 4*k - 3*r + 24 = -r, 4*r + 8 = 0. Let b(t) = t**2 + 7*t + 4. Calculate the remainder when g is divided by b(k).
1
Let h = 440 + -54. Let m = -375 + h. Calculate the remainder when 19 is divided by m.
8
Suppose -112*z = 177*z - 4427191. What is the remainder when z is divided by 20?
19
Suppose -38 = -y - 2*d - 29, 3*y - 4*d = 87. Calculate the remainder when 2280 is divided by y.
12
Let t(s) = s**2 + 9*s + 8. Let a be t(-8). Suppose 5*v - 3*q = 55, -4*v - q + 2*q + 44 = a. Let r = -141 + 172. Calculate the remainder when r is divided by v.
9
Suppose -14*o = -4997 + 27. Calculate the remainder when o is divided by 20.
15
Suppose 1848*o - 1867*o = -26372. Calculate the remainder when o is divided by 15.
8
Let r be ((-240)/(-4))/(3/2). Suppose 0 = 9*v - 4*v + 5*n - 55, -5*v + 2*n = -55. Suppose 0 = 9*o - v*o + r. Calculate the remainder when 79 is divided by o.
19
Suppose 4*y + 0*y - 5*w = -33, -3*w + 3 = -y. What is the remainder when 423 is divided by (1570/(-60) - y)/(2/(-12))?
83
Let j be (-5 - 2/(-1))/(6/(-4)). Suppose 5*v - 11 + 41 = 0. Let k = j - v. What is the remainder when 37 is divided by k?
5
Let i(r) = -r**2 - 5*r + 48. Let z be 20/4 - (9 + 3). What is the remainder when 116 is divided by i(z)?
14
Suppose 5*m = -3*v + 266, -4*v - m + 309 = -6. What is the remainder when 320 is divided by v?
12
Suppose 623*k - 632*k - 90 = 0. Let u = -5 - -16. Let t = u - k. What is the remainder when 62 is divided by t?
20
Suppose 3*k = 4*m - 16, 4*k = -m - 10 - 43. What is the remainder when 1 + 58 + (-4 - k/(-6)) is divided by 18?
17
Suppose -4*w + 429*u = 434*u - 45, -2*w + 4*u = 10. Calculate the remainder when 178 is divided by w.
3
Let z = -1055 + 1097. What is the remainder when 2769 is divided by z?
39
Let h = -27 + 28. Suppose 5*s - 4*u = 170, -5*s + 3*u = -171 + h. Let t = s + -30. What is the remainder when 15 is divided by t?
3
Suppose 3*u + 79 = 4*q, 6*u - 84 = -10*q + 7*q. What is the remainder when (729/(-18))/(3/(-8)) is divided by q?
20
Let r(k) = -11*k - 32. Let w = -86 - -75. Let u be r(w). Let j = u - 84. What is the remainder when 23 is divided by j?
3
Suppose 4*m = 3*m + 60. Suppose 8*i = 36*i - 3976. Let j = i - 126. Calculate the remainder when m is divided by j.
12
Let r(t) = 50*t**2 + 1293*t - 29. What is the remainder when 1220 is divided by r(-26)?
149
Calculate the remainder when (-24)/(-44) + (-19)/((-209)/7155) is divided by 73.
67
Let i(s) = 31*s**3 - 3*s**2 + s - 1. Let m = 141523 - 141489. Calculate the remainder when i(2) is divided by m.
33
Let s be (-12)/(-6) - (-4 + (-2)/(-1)). Calculate the remainder when 13 is divided by (s - 2)*(-6 - -4 - -4).
1
Let g = -5 - -135. Suppose 3*i - 3*n = n + 199, 2*i - g = 2*n. Calculate the remainder when 121 is divided by i.
60
Let o(i) = -1 - 28*i - 1 - 5 + 15*i**2. Let m(f) = -7*f**2 + 14*f + 4. Let k(v) = 13*m(v) + 6*o(v). Calculate the remainder when 48 is divided by k(14).
8
Let n = -17375 + 17513. What is the remainder when 296 is divided by n?
20
Suppose -4*c - 3*r + 1308 = 0, 3 = -3*r + 15. Let b = 332 - c. What is the remainder when 221 is divided by b?
5
Let s = -4848 - -4870. Let u = 7 - -29. Calculate the remainder when u is divided by s.
14
Let y(i) = i**3 - 63*i**2 - i + 90. Let n = 10 + -3. What is the remainder when y(63) is divided by n?
6
Let h = -29 - -32. Let u(d) = -3*d - 12*d**h + 0*d**2 + 7*d**2 - 1 + 11*d**3. Calculate the remainder when 31 is divided by u(6).
14
Let v(q) = -q**3 - q**2 + 1. Let s(p) = -120*p**3 - p**2 + 4*p + 4. Let c(b) = s(b) - 2*v(b). What is the remainder when c(-1) is divided by 22?
7
Suppose -4*a - 88 = -n + 5, -4*a - 90 = -2*n. Let d = 35 + a. Calculate the remainder when 30 is divided by d.
8
Suppose 111*r - 50 = 110*r. What is the remainder when 155 is divided by r?
5
Suppose -116 + 16 = -2*k. Let b be (-3300)/(-16) + -2 + (-3)/12. Suppose 0 = 209*n - b*n - 90. What is the remainder when k is divided by n?
14
Calculate the remainder when 271 is divided by (-11 + 14)/((-699)/177 + 4).
35
Suppose -c = 5*y - 66, -5*y = 2*c + 4 - 71. Suppose 8550 = 25*v + 74*v + 72*v. What is the remainder when v is divided by y?
11
Suppose -1595 = -14*t + 48819. Calculate the remainder when t is divided by 69.
13
Let l = -9395 - -10330. Calculate the remainder when l is divided by 117.
116
Let w(y) = 5*y**2 - 64*y - 87. What is the remainder when w(41) is divided by 89?
87
